 1309217251 a prime number?
True
Is 206885849 a prime number?
True
Is 8119601249 composite?
False
Is 2247236207 prime?
False
Is 6961305953 a composite number?
True
Is 13523815849 composite?
True
Is 8609005159 a composite number?
True
Is 3587712773 composite?
False
Is 2867191 a composite number?
True
Is 13653855757 prime?
False
Is 45724141 a prime number?
True
Is 281479283 a prime number?
False
Is 29360873209 a prime number?
True
Is 7809654353 composite?
False
Is 5108229759 prime?
False
Is 191663473 a prime number?
True
Is 4292143789 a composite number?
False
Is 2179993847 a prime number?
True
Is 548912101 a composite number?
True
Is 6284499787 prime?
False
Is 5910049907 a composite number?
True
Is 1458418811 prime?
False
Is 112103029 a prime number?
True
Is 3175552559 prime?
True
Is 1849718147 composite?
False
Is 2167254139 composite?
True
Is 3526530961 prime?
True
Is 74519074379 a prime number?
False
Is 11784946765 a prime number?
False
Is 33874353811 prime?
False
Is 212829443 prime?
False
Is 180485339 prime?
False
Is 21182988119 a composite number?
False
Is 619639217 a composite number?
False
Is 22465290803 a composite number?
True
Is 755146499 prime?
True
Is 3975452923 prime?
False
Is 2384575943 a prime number?
False
Is 809134097 a composite number?
False
Is 59637737219 a composite number?
False
Is 65817074249 prime?
False
Is 337644401 composite?
True
Is 1206989605 a prime number?
False
Is 6998957258 a composite number?
True
Is 17347254571 composite?
True
Is 486421919 composite?
True
Is 5487247583 composite?
False
Is 4738535489 a composite number?
False
Is 323187581 a composite number?
False
Is 89537341 a composite number?
True
Is 4850237954 composite?
True
Is 14264853091 a composite number?
True
Is 18985795151 composite?
True
Is 5636537042 a composite number?
True
Is 1037972049 a composite number?
True
Is 1306378907 a prime number?
True
Is 14895377137 prime?
True
Is 3684730069 composite?
False
Is 137142373 a composite number?
True
Is 245874257 prime?
True
Is 8545254217 prime?
True
Is 21621630935 prime?
False
Is 100574231 prime?
False
Is 6410536823 prime?
True
Is 598720943 a composite number?
True
Is 287651977 composite?
False
Is 720551143 prime?
False
Is 12675825181 composite?
False
Is 52460279 composite?
True
Is 57879257 a prime number?
True
Is 2375026373 composite?
False
Is 245859259985 composite?
True
Is 1277797229 composite?
False
Is 17737813543 prime?
False
Is 69079337 composite?
False
Is 22686723109 composite?
False
Is 375518332127 prime?
True
Is 3687577226 composite?
True
Is 25094660501 prime?
False
Is 16984273 a prime number?
False
Is 518514647 a composite number?
True
Is 2259884659 a prime number?
True
Is 26623434641 a composite number?
False
Is 769565933 a composite number?
True
Is 29665409 prime?
True
Is 380979733 a prime number?
False
Is 5782022705 composite?
True
Is 1511997269 a prime number?
False
Is 1983935011 composite?
True
Is 1127954161 composite?
True
Is 1886135131 a prime number?
True
Is 2576649073 prime?
True
Is 84589220501 prime?
False
Is 10959727397 prime?
True
Is 19803995353 a composite number?
False
Is 69761460305 composite?
True
Is 78201062887 a prime number?
True
Is 1318541137 a prime number?
False
Is 952428847 a prime number?
False
Is 58164391283 prime?
False
Is 162617693801 composite?
False
Is 1437338073 a prime number?
False
Is 6882460323 prime?
False
Is 3413332591 prime?
True
Is 56540697734 composite?
True
Is 419006897 composite?
False
Is 6507755677 a composite number?
True
Is 152635102003 composite?
False
Is 432665531 composite?
True
Is 461693951 a prime number?
True
Is 745072157 a prime number?
True
Is 569983787 prime?
True
Is 13383638473 composite?
True
Is 4523326307 a composite number?
False
Is 309989681 composite?
False
Is 578070391 composite?
False
Is 53053826459 prime?
False
Is 4572372421 a prime number?
False
Is 894253201 a prime number?
True
Is 2650210499 a composite number?
True
Is 59395533 prime?
False
Is 42960428321 prime?
False
Is 1046981183 a prime number?
False
Is 11823086087 a composite number?
False
Is 10981884755 composite?
True
Is 4575820309 composite?
False
Is 2317794769 prime?
False
Is 419323067 a composite number?
True
Is 21931251887 a prime number?
True
Is 213489504749 a composite number?
True
Is 97290638 a composite number?
True
Is 134107199 a prime number?
False
Is 21128890823 prime?
True
Is 110093314 a prime number?
False
Is 1757370973 composite?
False
Is 137643790799 a prime number?
True
Is 8655570629 a composite number?
False
Is 59784481546 a prime number?
False
Is 7184788595 composite?
True
Is 5738586379 composite?
False
Is 5333255639 a composite number?
False
Is 83855034467 prime?
False
Is 692470993 a prime number?
True
Is 489078199 composite?
True
Is 1495337797 a prime number?
True
Is 33568656259 a composite number?
True
Is 1023467009 composite?
True
Is 32934323 composite?
True
Is 17976734239 a prime number?
False
Is 321453071 a prime number?
True
Is 3997970789 composite?
False
Is 65549325593 a composite number?
False
Is 159987891587 a prime number?
False
Is 1002343 a prime number?
True
Is 18113985671 prime?
False
Is 345251173249 a prime number?
True
Is 55821889 a prime number?
False
Is 10994638019 a prime number?
False
Is 2770649849 composite?
True
Is 168768889573 a prime number?
False
Is 71663939 composite?
True
Is 5915988913 prime?
False
Is 570269951 a composite number?
False
Is 114290621 composite?
True
Is 20087212217 prime?
True
Is 1105937017 composite?
False
Is 13571401 composite?
False
Is 120051696901 prime?
False
Is 67948186093 prime?
True
Is 104021693 a prime number?
True
Is 567045953 a composite number?
False
Is 509483638 a prime number?
False
Is 80963213063 a prime number?
False
Is 13803747487 a composite number?
True
Is 28564465927 prime?
True
Is 67907688851 prime?
True
Is 9145909219 prime?
False
Is 432227149 composite?
True
Is 6811174261 composite?
True
Is 3992496447 composite?
True
Is 3544640339 a composite number?
True
Is 3938089027 composite?
False
Is 2647593289 composite?
True
Is 2076755251 composite?
False
Is 607761367 a composite number?
True
Is 1109712874 prime?
False
Is 1865011943 prime?
False
Is 7925686931 a composite number?
True
Is 8712428567 prime?
False
Is 419873059 composite?
True
Is 504671071 a prime number?
False
Is 777793019 prime?
False
Is 1902142373 a prime number?
False
Is 404643207487 prime?
True
Is 2964782027 a prime number?
False
Is 47174728163 a prime number?
False
Is 5841456001 composite?
False
Is 12890727271 composite?
True
Is 1657102753 a composite number?
True
Is 139746565279 a composite number?
True
Is 10208799071 prime?
True
Is 199357099 a composite number?
False
Is 8186773729 a prime number?
False
Is 321903157 a prime number?
True
Is 111192241 a prime number?
True
Is 28433113 composite?
True
Is 78168823 a prime number?
False
Is 4660660231 prime?
False
Is 15685460891 a composite number?
False
Is 3102242963 a prime number?
False
Is 1858722469 composite?
True
Is 5372074243 a prime number?
False
Is 1631259561 composite?
True
Is 533561687 composite?
False
Is 1540059791 prime?
True
Is 3356498623 composite?
True
Is 146780244203 composite?
True
Is 458914699 a composite number?
True
Is 1286664077 a prime number?
True
Is 6217371229 a composite number?
True
Is 344917337 prime?
True
Is 9604182613 composite?
True
Is 16652280067 composite?
True
Is 3185866289 a composite number?
True
Is 643815749 prime?
True
Is 1076069107 prime?
False
Is 28720545209 a composite number?
False
Is 267300907 prime?
True
Is 638753365 prime?
False
Is 2264667289 a prime number?
True
Is 71978843 a composite number?
True
Is 5767872337 composite?
False
Is 4550508121 a prime number?
True
Is 1820072771 a composite number?
True
Is 331569943 prime?
True
Is 1287841673 a prime number?
True
Is 349266397 a prime number?
True
Is 182385177071 prime?
False
Is 485582533 a prime number?
False
Is 47180922047 a composite number?
True
Is 657066463 a composite number?
True
Is 1249773907 a prime number?
True
Is 118058191413 a composite number?
True
Is 6152422187 prime?
False
Is 1163061357 composite?
True
Is 75873113111 prime?
False
Is 1248156191 a prime number?
False
Is 1339196087 a composite number?
False
Is 64030737 a composite number?
True
Is 554385421 a prime number?
True
Is 1883549777